 b and v.
13
Let q(k) = -k**3 - 11*k**2 + 14. Let r be q(-11). Suppose 3*c - 2*a + 0 = r, -2*c - 5*a - 16 = 0. What is the greatest common divisor of c and 22?
2
Let a = 18 - -1. Suppose 4*b + 3 - a = 0. Let h(l) = l**3 + 2*l**2 - 2*l. Let g be h(-2). What is the greatest common factor of g and b?
4
Suppose m - 3 = 2. Suppose m*g = g - 5*h + 690, -2*g = h - 342. Calculate the greatest common factor of 68 and g.
34
Let r(b) = 35*b. Let x be r(-6). Suppose -4*y - 391 = 2*j - j, 2*j + 292 = -3*y. Let g = y - x. What is the highest common factor of 14 and g?
14
Let p = 1015 - 575. Calculate the greatest common divisor of p and 110.
110
Let z(n) = 2*n. Let p be z(1). Let v be (1/(-2))/(1/6). Let s(f) = -f**2 - 6*f - 7. Let a be s(v). Calculate the highest common divisor of p and a.
2
Suppose 32*x - 684 = 13*x. Calculate the highest common divisor of 45 and x.
9
Let b be 3/((-14)/(-8) - 1). Let l be (-3)/6 + 138/b. Suppose -9*s - 2819 = -3278. Calculate the greatest common factor of l and s.
17
Suppose 38*w - 44*w = -48. Calculate the highest common factor of w and 1552.
8
Let z = 92 - 68. Suppose 19 = 4*o - 29. Suppose 5*j - 288 = o. Calculate the highest common factor of j and z.
12
Let f = 42 - 38. Suppose -30 = -w + p, f*w + p = w + 86. What is the greatest common factor of 58 and w?
29
Suppose 2*t - 12 = 4. Suppose 3 = h - 0*h - v, 0 = 4*v - t. Suppose h*z - 205 = 3*j + j, -2*z = -4*j - 70. Calculate the greatest common factor of 5 and z.
5
Suppose 3*w = -2*w - 60. Let c = 12 + w. Let p(j) = -j**2 - j + 8. Let s be p(c). Calculate the greatest common divisor of s and 12.
4
Let m = -338 + 377. What is the highest common factor of 9 and m?
3
Let h = -30 - -37. Let a be (-5556)/(-28) - 3/h. Suppose -2*v = -8*v + a. What is the greatest common factor of 3 and v?
3
Let t(m) = 21*m. Let h be t(1). Let o(b) = 334*b**2 - 995*b + 7. Let p be o(3). What is the greatest common divisor of h and p?
7
Let w = -128 + 83. Let r be (-4)/(-3)*w/(-4). Calculate the greatest common factor of 120 and r.
15
Suppose -4*q - 3*c + 99 = -q, -147 = -5*q + c. Let i(s) = -18*s - 3. Let t be i(-1). What is the greatest common factor of q and t?
15
Let v(p) = p**3 + 5*p**2 + 3*p + 3. Let x be v(-4). Let f(h) = 22*h**3 - h**2 - h + 1. Let g be f(1). What is the greatest common divisor of g and x?
7
Let c be (-1110)/55 - (-4)/22. Let y be -1*(c - -2)/1. Let w(r) = -r**3 + 9*r**2 - r - 11. Let b be w(8). What is the greatest common divisor of b and y?
9
Suppose 6*q - 4*q = 2*z - 20, 65 = 3*z + 4*q. What is the greatest common factor of 10 and z?
5
Let a = 5 + -1. Let m be (-23)/(-3) + a/(-6). Suppose 0 = 29*i - 1258 + 1229. What is the greatest common divisor of m and i?
1
Suppose j + 5*c - 95 = 0, -130 = -5*j + 3*c + 401. Suppose 0 = -95*v + 1202 + 2788. Calculate the greatest common factor of v and j.
21
Suppose -2*w + 65 = 5*j, -2*w + 3*j + 41 = 16. What is the highest common divisor of 640 and w?
20
Let u = 191 - 92. Let h(f) = 2*f**2 - 18*f - 11. Suppose 0 = -2*o, 4*a = -2*o + 43 - 3. Let k be h(a). What is the highest common divisor of k and u?
9
Let q(j) = -2*j**2 + 2*j. Let o be q(3). Let g be (o/1)/((-2)/5). Let b(z) = z + 4. Let d be b(2). Calculate the highest common divisor of d and g.
6
Let q(r) = 2*r. Let p be q(2). Suppose 0 = -7*k - 384 + 1959. Suppose 0 = p*j - j - k. Calculate the greatest common divisor of 30 and j.
15
Suppose 0 = 8*s - 408 - 96. Suppose -6*x - 15 = -s. What is the greatest common factor of x and 72?
8
Let a(p) = p + 7. Let c be a(-6). Suppose 0*w + 3*n = -w - 2, -3*w - 2*n + 15 = 0. What is the greatest common factor of c and w?
1
Let f = 34 - 32. Suppose 5*q + d - 93 = -d, f*q + 3*d - 35 = 0. Calculate the highest common factor of 171 and q.
19
Let j(a) = -18*a**2 - a. Let u be j(-1). Let x = u + 19. Let p be (-15)/x*(-12)/9. Calculate the highest common factor of p and 10.
10
Let z be 2/(-10) - 132/(-10). Let k(x) = 11 + 18*x + 2 - z + 2*x**2. Let p be k(-12). What is the greatest common divisor of p and 9?
9
Suppose -5*w = -3*x + x - 21, 5*x - 5 = w. Let a(o) = -9*o + 2. Let g be a(2). Let d = -15 - g. Calculate the highest common divisor of w and d.
1
Suppose -q + 4*b + 31 = 0, -3*q = 2*q - 5*b - 155. Suppose -3*r + 4*r = -q. Let t = r + 51. Calculate the highest common factor of 180 and t.
20
Let s = 456 + -448. What is the greatest common factor of 68 and s?
4
Let g(f) = f**3 - 23*f**2 + 42*f + 17. Let k be g(21). What is the greatest common factor of k and 323?
17
Let h(o) = -27*o + 182. Let r be h(-4). What is the highest common factor of 10 and r?
10
Let m(v) = 25*v - 99. Let b be m(7). Calculate the greatest common factor of b and 4.
4
Let d(n) = n**2 + 1. Let z be d(2). Let j = 56 - 52. Suppose -j*g + 57 - 37 = 0. What is the highest common factor of z and g?
5
Suppose -l + 19 = -3*m - 0*l, 5*m + 15 = 5*l. Let r be 4/10 - -162*m/(-10). What is the highest common divisor of r and 26?
26
Let m(d) = 47 + d - 12*d**2 - 44 + d**3 - d. Let s be m(12). Calculate the highest common factor of 3 and s.
3
Let d be 3 + 1/1 - 2. Suppose d*t = 8*t - 60. What is the highest common divisor of 15 and t?
5
Suppose -f = 11*n - 16*n - 8, -2*f = -2*n - 56. What is the highest common factor of 429 and f?
33
Let g(s) = s**3 + s + 12. Let p(k) = 4*k - 7. Let f be p(3). Let j = 5 - f. Let q be g(j). What is the greatest common factor of 60 and q?
12
Let t(a) = 14*a**2 - 3*a - 2. Let p be t(-1). Suppose -x + 69 = 4*x - 3*h, 5*h = -p. What is the highest common factor of 18 and x?
6
Let k(c) be the second derivative of -c**4/12 - 25*c**3/6 + 17*c**2/2 - 4*c. Let n be k(-18). Calculate the greatest common divisor of n and 13.
13
Suppose v - 4 = 0, 12*b - 8*b = -4*v + 180. What is the greatest common divisor of b and 451?
41
Let q be (2 + 5)*(-936)/(-182). Calculate the greatest common factor of 60 and q.
12
Let g(v) = 13*v - 183. Let u be g(14). Let n = -53 + 89. Let y be n/4 + -2 + u. Calculate the greatest common divisor of 42 and y.
6
Let x = -73 - -117. Let y be 2/(-2) + 2 + 1. Suppose -2*q + x = y*q. What is the highest common factor of 55 and q?
11
Suppose -3*h = -6*h - 24. Let w be 7 - 1 - (h - -3). What is the greatest common factor of 11 and w?
11
Suppose l - 5*a = 85, 95 = -3*l - 3*a + 332. Calculate the highest common factor of 340 and l.
20
Suppose 2*d = d + 2. Suppose 23 = 3*f - y - 3*y, -d*f = -2*y - 14. Suppose 134 = f*t - 46. What is the highest common divisor of 12 and t?
12
Suppose 5*h = a - 707, 0 = 4*h - 3*h + 1. What is the highest common divisor of 9 and a?
9
Let o be 206/8 - (-3)/12. Suppose -10*j - 329 = -129. Let k = j + o. Calculate the greatest common divisor of k and 6.
6
Let k be 1/(-5)*(7 - 7). Suppose -3*w - 11 + 80 = k. Calculate the greatest common factor of 184 and w.
23
Let a be (-13 - -110) + 1*-2. Let x = -50 + a. Calculate the highest common factor of 135 and x.
45
Suppose 7 - 187 = -12*a. Calculate the greatest common factor of a and 21.
3
Suppose 5*n - 75 = -b, -8*b + 5*b + 3*n + 243 = 0. Calculate the highest common divisor of b and 64.
16
Let d = -140 - -220. What is the highest common divisor of 380 and d?
20
Suppose 0 = -4*v + 5*w + 36 + 27, -6 = -v - 2*w. Suppose -v*r + 615 = 3*r. What is the highest common divisor of r and 41?
41
Suppose o - d = 91, 5*o + 3*d + 0*d - 487 = 0. Let p be (0 + 19/2)*2. What is the highest common divisor of o and p?
19
Let s be -1 - -2 - -141 - 0. Let n = -97 + s. Let o be 30/n*(16 + -1). What is the highest common divisor of 5 and o?
5
Let g = -1 + 5. Let v be g - (6/(-8))/(2/88). Calculate the highest common divisor of v and 259.
37
Let i(z) = -5*z - 19. Let a be i(-6). Calculate the greatest common factor of 121 and a.
11
Suppose 693*d - 7392 = 682*d. What is the highest common divisor of d and 42?
42
Let i = 73 + -156. Suppose -3*l = -7*l - v + 841, -4*l = -3*v - 853. Let k = i + l. What is the highest common divisor of k and 16?
16
Let k = 26 - 18. Suppose 32*w - 24*w - 40 = 0. Suppose n = -5*d + 186 + 132, w*d - 310 = -5*n. What is the greatest common divisor of k and d?
8
Suppose -10*t = -6*t + 56. Let k be (-4)/t + (-1612)/(-91). Calculate the highest common divisor of k and 6.
6
Suppose 23*x = 29*x - 348. Calculate the highest common factor of 203 and x.
29
Suppose -1776